is divided by ((-399)/(-15) - -7) + 2/5.
31
Suppose 26*p - 29*p + 945 = -4*y, 975 = -4*y - 3*p. Let c = y - -293. Calculate the remainder when c is divided by 3.
2
Let v be -9 + 14 + (-3)/((-6)/296). Suppose 13*l - 22*l = -v. Suppose 5*g + 4 = 3*g, -g = 2*r - 94. What is the remainder when r is divided by l?
14
What is the remainder when (-4)/7*3*63385*8/(-80) is divided by 44?
42
Let r(y) = y**2 - 4*y - 182. Suppose 24*n + 256 = 40*n. Calculate the remainder when 177 is divided by r(n).
7
Let y = -699 + 1062. Suppose 0 = -28*f - 5*f + y. Let n(c) = c**3 + 13*c**2 + 10*c + 15. Calculate the remainder when n(-12) is divided by f.
6
Let z(t) = -t**3 - 22*t**2 - 24*t - 44. Let r be 1/7 - (-1212)/42. Suppose 0 = 12*k + r + 223. Calculate the remainder when 37 is divided by z(k).
18
Suppose -5198*g + 2464 = -5121*g. Let d(y) = -y**2 - y - 1. Let r be d(0). Calculate the remainder when 1 + (0 - r) + 59 is divided by g.
29
What is the remainder when 2325/9*780/650 is divided by 55?
35
Let y = 77 + -72. Suppose 0 = -y*f, r + f - 2*f - 2 = 0. What is the remainder when (-1114)/(-6) + 3/9 - r is divided by 37?
36
Calculate the remainder when 80 is divided by (120/22)/(26/143).
20
Calculate the remainder when 116 is divided by (294/(-196))/(-2*6/136).
14
Let k(z) = -z**3 + 31*z**2 - 27*z - 78. Let w be k(30). Suppose -7*h = -65 - w. What is the remainder when h is divided by 8?
3
Let f = 39 + -24. Let m be (4 - 259/(-4)) + (-1)/(-4). Let y = m + -63. Calculate the remainder when f is divided by y.
3
Let u be -40 + 33 - 40*-1. Suppose -3*p - 17 = -k, 16*k - 17*k + u = p. Calculate the remainder when 201 is divided by k.
27
Suppose 2*j - 24*z + 16 = 0, -41*z = -46*z + 35. Calculate the remainder when 292 is divided by j.
64
Let h = -5 + 36. Let z = 16 + h. Let b(g) = 17*g**3 + g**2 - 1. Calculate the remainder when z is divided by b(1).
13
Suppose l = 7 + 149. Let d(i) = i**2 - 20*i + 32. What is the remainder when l is divided by d(0)?
28
Suppose 120*b - 3147 = 23*b + 2382. Calculate the remainder when 24/32 - (-713)/4 is divided by b.
8
Let r = 801 - 756. Let m = 1565 - 1116. What is the remainder when m is divided by r?
44
Let i be -5*(-2 - ((-30)/(-5))/(-6)). Suppose -p + q - 63 = -i*p, -5*p + 87 = 4*q. What is the remainder when 566 is divided by p?
11
Suppose -241*k + 168 = 4*f - 237*k, -7*k - 35 = 0. Suppose 4*b + 18 = 46. Let x(m) = 33*m + 1. What is the remainder when x(b) is divided by f?
44
Suppose -5*z + 6166*u = 6164*u - 2264, 1800 = 4*z + 4*u. Calculate the remainder when 1387 is divided by z.
31
Suppose 0 = 142*h - 144*h + 264. Let a = 140 - h. Calculate the remainder when 18 is divided by a.
2
Suppose 22*f - 42 = 19*f + 3*u, 0 = 5*f + u - 94. Suppose -62 = -5*n + f*v - 21*v, -n + 12 = v. What is the remainder when 24 is divided by n?
11
Let w(h) = 2422*h - 1334. What is the remainder when w(3) is divided by 56?
52
Suppose 5*m = d - 37, 2*m - 21 = -3*d - m. Suppose -5*c + u = -4, -5*c - 3*u + d = 4. Calculate the remainder when 80 is divided by ((-240)/(-9))/c - 1/(-3).
26
Let u(i) = -i**3 - 6*i**2 + 2*i + 4. Let y be u(-6). Let w(v) = -16*v**2 + v + 3 - 2 - 3*v - 6 - 2 - 2*v**3. What is the remainder when 25 is divided by w(y)?
7
What is the remainder when 1509 is divided by 36/((-221)/(-104) - (66/48)/11)?
15
Suppose -5*n + 3010 = 2*o, 9*o - 13*o - n = -6038. Calculate the remainder when o is divided by 250.
10
What is the remainder when 2 - ((-774)/8 - 2/8) is divided by (-41)/(((-3)/(-2))/(135/(-90)))?
17
Suppose 0 = 4*l + 4*i - 406 + 30, -3*l + 280 = i. Let x = 93 - l. Suppose -v - v - m + 45 = x, -4*v - m = -91. What is the remainder when 43 is divided by v?
20
Let h(b) = -21*b**2 - 17*b - 2. Let x be h(-2). Calculate the remainder when (-51 - x) + (-1 - -228) is divided by 21.
18
Let l(v) = 3*v**2 - 17*v + 12. Let n be l(5). Suppose 4*i - 68 = -4*g, -i + n*i = g - 25. Let f = -20 + g. Calculate the remainder when 2 is divided by f.
0
Suppose 217*s + 157*s - 31986 - 5788 = 0. Calculate the remainder when s is divided by 22/4 - 2/4.
1
Let c(q) = 4*q + 104. Let w be c(-26). Calculate the remainder when w + 1*105/5 is divided by 15.
6
What is the remainder when 0/1 - (-69 + -600) is divided by 97?
87
Suppose -166*c - 90 = -168*c. Suppose -c*s - 300 = -60*s. Let d = 2 - 0. What is the remainder when s is divided by d?
0
Let u be (6/(-8))/(24/(-64)). Suppose u*y - 3*k = -4 + 37, -2*y - 3*k + 51 = 0. What is the remainder when 21 is divided by (-1)/((-6)/4)*(y - 0)?
7
Calculate the remainder when ((-3)/9)/(-7*(-14)/(-814674)) is divided by 77.
76
Suppose 2*n - 1635 = -p, -1095 = -3*n - 2*p + 1359. Let q = n - 749. Calculate the remainder when 399 is divided by q.
64
Let q be 15/3 + 0*6/(-12). Suppose 3*a = 3*g + 36, -q*g - 30 = 11*a - 14*a. What is the remainder when 39 is divided by a?
9
Let u = -11028 + 11207. Calculate the remainder when 821 is divided by u.
105
Let h(m) = 3*m**2 + 14*m + 15. Let n be h(-9). Let k = -128 + n. What is the remainder when k is divided by 4?
0
Suppose -313*r + 119 = -310*r - g, 3*r - 3*g - 117 = 0. Calculate the remainder when r is divided by 20.
0
Let t = -284 - -250. Let y = -10 - t. What is the remainder when 213 is divided by y?
21
Let c = 3 - -1. Suppose 20*t = 19*t + 40. Calculate the remainder when t is divided by (-4)/(c/(-9)) - 3.
4
Suppose -97 = -5*t + 38. Suppose -g - g - r = -256, -256 = -2*g + 4*r. Calculate the remainder when g is divided by t.
20
Let d = -2800 + 2835. What is the remainder when 85 is divided by d?
15
Let a = 34 - -9. Suppose -7 = -7*p + 70. What is the remainder when a is divided by ((-6)/(-3) + -1)*p?
10
Let m = 1564 - 1546. What is the remainder when m is divided by (-132)/(-15) + 3/15?
0
Let g(d) = -63*d. Let b(s) = s**2 - 41*s - 7. Let u be b(28). Let j = u - -382. Calculate the remainder when g(-1) is divided by j.
8
Let s = -244 + 1539. Calculate the remainder when s is divided by 65.
60
Suppose 30*y - 617 = 23*y + 48. What is the remainder when y is divided by 21?
11
Let n = 65 - 62. Let i(x) = -7*x + 25. Let f be i(n). Calculate the remainder when 147 is divided by -2 + (31 + f - 4) + 1.
27
Suppose 307*b - 3984 - 147 - 167 = 0. Let d = 23 - 0. Calculate the remainder when d is divided by b.
9
Let g(r) = -615*r - 332. What is the remainder when g(-2) is divided by 50?
48
Let o(h) = 73*h + 1801. What is the remainder when 1811 is divided by o(-24)?
47
Suppose -2*s + 25 = 1. Suppose s + 23 = l. Calculate the remainder when l is divided by (6/(-4) + 1)*3302/(-127).
9
Suppose -a = -81 - 44. Suppose 14*p + 9*p - 8441 = 0. Let h = p - 349. What is the remainder when a is divided by h?
17
Let y = 2263 - 1453. What is the remainder when (0 + 6)*(y/20)/9 is divided by 16?
11
Let i = -16792 + 16879. Calculate the remainder when 1148 is divided by i.
17
Let p(y) be the third derivative of -y**6/120 + 7*y**5/60 - y**4/8 + y**3/6 + 52*y**2. What is the remainder when 50 is divided by p(6)?
12
Let p(g) = -52*g + 2. Calculate the remainder when -1*1 + (-723240)/(-3608) + 12/22 is divided by p(-2).
94
Suppose a = 5*b + 5 - 4, 0 = 4*a - 2*b + 14. Let w(k) = k**2 - 2*k - 5. What is the remainder when w(a) is divided by 3*(99/(-27))/(5/(-5))?
8
Let i be 75/(-30) + (-26)/(-4). Suppose 0 = -i*a - 2*c - 166 + 464, -5*a + 376 = -c. Calculate the remainder when a is divided by 19.
18
Let w be (92/10)/(((-108)/(-45))/6). What is the remainder when (207/24)/w + (-207)/(-24) is divided by 9/(-2)*(-4)/6?
0
Suppose 3*n - 2*z = 6, 7*z + 23 = 2*n + 12*z. What is the remainder when 178 is divided by -4*244/(-16) - (-10 + n)?
44
Let o(r) = 2*r - 11. Let p be o(25). Suppose -4*i + p = 9*i. Calculate the remainder when 88 is divided by (-270)/12*(-2 - -3 - i).
43
Suppose -4*v = 4*j - 76, -497*v + 498*v + 5*j - 7 = 0. What is the remainder when 1200 is divided by v?
12
Suppose 262 = 55*n - 51*n + 2*o, -3*n - o + 199 = 0. What is the remainder when 315 is divided by n?
43
Let v = 131 - 152. What is the remainder when 70/v*18/(-8)*10 is divided by 38?
37
Let v = -11103 - -11150. What is the remainder when 518 is divided by v?
1
Let w(r) = 37*r**2 - 86*r + 381. Calculate the remainder when w(6) is divided by 30.
27
Calculate the remainder when (((-18)/(-24))/(-1))/((-24)/19168) is divided by 196.
11
Let 